et h be 15/(-21) - 2/7. Determine t(h).
-11
Suppose 12*q - 9*q = 2913. Let o(r) = q*r**2 - r**3 - r - 972*r**2 + 3*r**3 + 1. What is o(1)?
1
Let i be (0 - -5) + (11 - 13). Let h(n) = 6*n - 3. Calculate h(i).
15
Let i(f) = -11*f - 3. Let j(v) = 32*v + 6. Let x(l) = -8*i(l) - 3*j(l). What is x(6)?
-42
Suppose 0*a + a + 16 = -5*h, 34 = -5*a - 2*h. Let m(j) = -j**2 - 5*j - 4. Calculate m(a).
-10
Let t(d) be the first derivative of d**3/3 + d**2 - 3*d + 3. Suppose 5*b - 4*g = -27 - 6, -3*g = b - 1. Determine t(b).
12
Let t(c) = -4*c**2 - 5*c**3 + 6 - 3 - 3*c**2 + c**3 + 3*c**3. Give t(-7).
3
Let o = 4 - -1. Suppose 2*w - 25 - o = 0. Let i(c) = -13 + w - c + c**2 - c. Give i(3).
5
Let x(w) be the second derivative of w**5/20 + w**4/12 - w**2/2 + w - 3. Give x(1).
1
Let y(v) be the third derivative of v**5/60 - 3*v**4/8 - 13*v**3/6 - 95*v**2. Give y(9).
-13
Let z(r) be the second derivative of r**4/12 + r**3/6 - 2*r**2 + 2*r. Let v = -15 - -9. Let b be (4/8)/(1/v). Give z(b).
2
Let z(y) be the first derivative of -y**3/3 - y**2 - 1. Let a(q) = 2*q**2 + 3*q + 3. Let t be a(3). Let k = -32 + t. Determine z(k).
0
Suppose 3*l + 1 = 8*l + r, 0 = 4*l - 3*r + 3. Let a(f) = 11*f + 15. Let m(k) = -2*k - 1. Let g(h) = a(h) + 5*m(h). Calculate g(l).
10
Let m be 10/5 - (10 + -2). Let w = -9 - m. Let z be w - 28/(-3 - 1). Let h(j) = j + 1. Calculate h(z).
5
Let u(s) be the third derivative of s**6/120 - s**5/30 - s**4/8 + s**2. Let f(j) = j**2 + 3*j - 7. Let r = 226 + -224. Let y be f(r). What is u(y)?
0
Let a(k) = 15*k**2 - 7*k. Let b(c) = -8*c**2 + 4*c. Let r(j) = 3*a(j) + 5*b(j). Suppose 5*h = -4 + 9. Determine r(h).
4
Let z(d) = -4*d + 6*d + 1 - 3*d - 5*d. Give z(2).
-11
Let w(s) = -2 + 6*s - 1 - s. Suppose 5*y = 2*i + 8, 2*y - i - 2*i = 1. Suppose -o = -3*o + y, -d + 5*o - 2 = 0. Give w(d).
12
Let k(h) = -h**2 + 2*h + 5. Let q(o) = o**3 - 3*o**2 - 6*o + 10. Let j be q(4). Let l be k(j). Let y(v) = -v**2 + 5*v - 4. Give y(l).
-4
Let j(f) = 34*f**3 - 4*f**2 - 4*f - 2. Let g(m) = 35*m**3 - 3*m**2 - 3*m - 1. Let n(r) = 3*g(r) - 2*j(r). What is n(1)?
36
Let h(l) be the second derivative of -l**5/20 - 7*l**4/12 + 5*l**2/2 + 3*l. Let s be (-1444)/190 + ((-14)/10 - -2). Determine h(s).
5
Let l(u) = -u**2 - 3*u - 4. Let t = -24 + 13. Let f = -11 - t. Suppose -8 = 4*j + 4*h, 0 = -5*j - h - 14 - f. Give l(j).
-4
Let g(p) = -p**3 + 7*p**2 - 3*p - 8. Suppose -14*w = -23*w + 54. Give g(w).
10
Suppose -2*x - z = 2 + 6, 26 = -3*x + 2*z. Let d be (-30)/(-9) - (-2)/x. Let n(p) = 3*p**2 - p**d - 4*p + 3 + 0 - 1. Give n(2).
-2
Let l(y) be the first derivative of -1/2*y**2 + 18 - 3*y. What is l(0)?
-3
Let f(o) be the third derivative of o**8/10080 - o**7/2520 - o**6/360 + 2*o**5/5 + 16*o**2. Let a(d) be the third derivative of f(d). Give a(-2).
10
Let b(a) = -6*a**2 + 26*a - 11. Let w = 51 - 34. Let m(p) = 2*p**2 - 9*p + 4. Let h(i) = w*m(i) + 6*b(i). Determine h(-2).
-12
Let h = -2 - 0. Let p(y) be the first derivative of -y**4/4 - y**3/3 - 965. What is p(h)?
4
Let d(l) = 2*l + 1. Let m be (5 + (-63)/18)*(4 - 2). Give d(m).
7
Let r(d) = 2*d + 1. Let w(c) = c**2 - 3*c - 13. Let x be w(-4). Let b be x/25 - (-62)/5. Suppose 3*j = -5*g + 2*j - 9, -5*j + b = -4*g. Give r(g).
-3
Suppose 3*q = -0*q + 2*s + 310, -2*s = -5*q + 522. Let d(t) = -113*t**2 + t**3 - 4 + q*t**2 + 0*t**3. What is d(7)?
-4
Let t(x) = -x**2 + 10*x - 14. Let w be (-650)/(-540)*6 - (-2)/(-9). Determine t(w).
7
Let z(s) be the third derivative of -24*s**2 + 0*s + 1/24*s**4 + 0 + 1/15*s**5 + 1/120*s**6 + 1/2*s**3. Determine z(-4).
-1
Let r(y) = -2*y**3 - 11*y**2 + 7*y - 7. Let j(u) = -u**3 - u**2 - 4. Let d(q) = -3*j(q) + r(q). Let n(t) = 3*t**2 - 4*t + 3. Let z be n(2). Calculate d(z).
5
Let z(o) = 5*o**3 - 6*o - 6*o**3 - 6*o**2 + 0*o**3 - 6. Let n be 11 - 7 - 7/(42/54). Determine z(n).
-1
Let b(v) be the third derivative of v**4/12 + 5*v**3/3 - v**2 - 31. Calculate b(7).
24
Let r(f) = -f**3 - 4*f**2 - 5*f. Let b = 152 - 156. Calculate r(b).
20
Let o(r) be the first derivative of 7*r**4/4 + r**2/2 - r - 7. Suppose 4*l + 3*k - 34 + 13 = 0, -3*k = 2*l - 9. Let z be (-2)/6 - (-8)/l. Give o(z).
7
Let d be (-2)/((-1)/1*1). Let c(m) = -m**2 + m**d - m**2. Suppose 0 = -7*f - 1 - 13. What is c(f)?
-4
Let r = 21251/660 + -354/11. Let h(j) be the third derivative of 0*j + r*j**5 + 0 + 0*j**4 - 2/3*j**3 - 3*j**2. What is h(-3)?
5
Let z(n) = n**3 - 7*n**2 + 3. Let j(s) be the first derivative of s**2/2 - 20*s + 1. Let p be j(27). What is z(p)?
3
Let s be (-24)/(-30) + 78/(-10). Let r(y) = y**2 + 8*y + 8. Give r(s).
1
Let g = 9 - 0. Let p(b) = 3 - g*b + 15*b - b - 6*b. Give p(-6).
9
Let c(t) be the third derivative of -t**6/120 + t**5/6 - 17*t**4/24 + 4*t**3/3 - 7*t**2 + 26. Give c(8).
0
Let g(b) = -2*b**2 - 8*b - 3. Let q = 482 + -488. Calculate g(q).
-27
Let a(d) = 4*d**2 + 2*d + 3. Let s(k) = 4*k**2 + k + 2. Let u(t) = 5*a(t) - 6*s(t). Determine u(-2).
-21
Suppose -8 = -4*v, -o + 5*v - 20 = o. Let y(p) = -p**2 - 8*p - 4. Let l(g) = 5*g**2 + 41*g + 22. Let a(z) = -2*l(z) - 11*y(z). Determine a(o).
-5
Let h(s) = 3*s + 3. Let b(m) = -m**3 + 34*m**2 + m - 38. Let j be b(34). What is h(j)?
-9
Let q(l) = -l**3 - 5*l**2 - 4*l. Let b = -184 - -166. Suppose t - 3*t - 4*o + 16 = 0, 4*t + 3*o = 47. Let f = b + t. Determine q(f).
0
Let y = -133 + 133. Let l(n) = -1 + n - 1 + 2 - 2. Give l(y).
-2
Let p(k) = k**3 - 10*k**2 + 4*k - 7 + 21*k**2 - 11*k**2 + 9*k**2. Determine p(-8).
25
Let g(n) be the second derivative of n**5/20 - 5*n**4/12 - n**3 + n**2/2 + 6*n. Suppose 21*k - 24 = 17*k. Let h be (-1)/k - (-444)/72. Calculate g(h).
1
Let a(u) = 2*u**3 - 23*u**2 + 10*u + 9. Let y be a(11). Let o(z) = 2*z**2 - 4. What is o(y)?
4
Let z(u) = -u**3 + 8*u**2 - u + 3. Suppose -4*y - 79 = 1. Let d be (3 + -2)*-10*16/y. Determine z(d).
-5
Let c(l) = 2*l. Suppose -5*f + 34 = -2*h, -f - 4*h - 14 = -34. Let d be ((-5)/(-3))/((-52)/(-156)). Suppose 0 = -s + d*s - f. What is c(s)?
4
Suppose -10*o = 27*o - 7*o + 8*o. Let v(b) = -2*b**2 - 2 + 3*b**2 + b + 1. Give v(o).
-1
Let k(m) = 4*m**2 - 7*m + 1. Suppose 4*c - 16 = -5*r, -6*c = -9*c + r + 12. Let p(l) = 5*l**2 - 7*l. Let a(f) = c*k(f) - 3*p(f). Give a(5).
-6
Let p(t) = t + 1. Suppose 8*a - 6*a = 10. Calculate p(a).
6
Let c = 4 + -26. Let m be 24/(-11) - 4/c. Let q(u) = -u**2 - u + 1. Calculate q(m).
-1
Suppose 0 = -k - 2 - 3, -5*u - 2*k = -5. Let d = -2 - -6. Let m(c) = -d - 3*c**2 + 5 + 4*c + 3*c**2 - c**2. Calculate m(u).
4
Let x be (-476)/(-51)*156/(-182). Let b(g) = g**2. Let q(n) = 7*n**2 + 8*n - 4. Let t(y) = -6*b(y) + q(y). Determine t(x).
-4
Let u(l) be the first derivative of 3*l**2/2 - 7*l - 1. Let m be 70/385 - (-62)/22. Let q(p) = -4*p + 8. Let n(g) = m*u(g) + 2*q(g). What is n(0)?
-5
Let a(l) = -11*l - 87. Let t(j) = -6*j - 44. Let r(c) = -3*a(c) + 5*t(c). Let f be r(-13). Let u(w) = w**2. Determine u(f).
4
Let r(m) = 3*m**3 + 4*m**2 + 7*m - 6. Let o(a) = 3*a**3 + 3*a**2 + 6*a - 5. Let l(p) = -6*o(p) + 5*r(p). Suppose 13*j + 9*j - 22 = 0. Give l(j).
-2
Let v(y) = -17*y**2 + 18*y - 36. Let z(a) = 12*a**2 - 12*a + 25. Let r(k) = -5*v(k) - 7*z(k). What is r(3)?
-4
Let s(o) = -o + 12. Suppose y + 320 = -2*j - 3*j, 3*j + y = -192. Let h = -55 - j. Calculate s(h).
3
Let d(z) = -z**2 + 4*z + 1. Suppose 0 = 6*o + 7 - 25. Suppose r = -4, -o*s + 18 = -3*r - 6. Let j = 9 - s. Calculate d(j).
-4
Let m(i) be the first derivative of -i**4/4 + i**3 - i**2 - 72. Determine m(2).
0
Let c(z) = 21 - 31 + 92*z**2 - 6*z + 18 - 93*z**2. Let d = -22 - -15. Calculate c(d).
1
Let t(d) = -7*d + 31. Let l be (72/42)/((-2)/(-7)). Let u be t(l). Let p(n) = -n**2 - 12*n - 9. Calculate p(u).
2
Let l(u) be the second derivative of -u**5/20 - 5*u**4/6 + u**3/6 + 5*u**2 - 169*u. What is l(-10)?
0
Let z(n) = 5*n - 1. Let a = 258 - 257. Calculate z(a).
4
Let f = -26 + 34. Let t(y) = -5*y**3 - 3*y - 5. Let h(o) = -2*o**3 - o - 2. Let z(x) = f*h(x) - 3*t(x). Give z(-2).
5
Let l be ((-100)/60)/(1 + 52/(-72)). Let w(k) = -k**3 - 8*k**2 - 10*k - 8. Give w(l).
-20
Let y(m) = 3*m + 3*m - m + 0*m - 64*m**2 + 62*m**2 + 4. Calculate y(5).
-21
Let b(x) = x**2 - 7*x - 1. Let s be 2175/225 - 4/6. What is b(s)?
17
Let a(y) = 20*y**2 - 558*y - 55. Let h be a(28). Let m(d) = -d + 19*d**2 - d + 1 + d. What is m(h)?
19
Let h(i) = -i**3 + 